p(c) = -4*c + 21. Let h(x) be the third derivative of 11*x**4/24 - 61*x**3/6 + x**2 - 1. Let r(l) = -6*h(l) - 17*p(l). Give r(-5).
-1
Let w be ((-3)/2 - -2)*300/150. Let z(q) = -9*q - 3. Give z(w).
-12
Suppose -c + 35 = 5*x, x = -x + 4*c + 36. Let d(m) = 0*m**3 - 9*m - m**3 + 9*m**2 - 2 + 12. Determine d(x).
2
Let t(b) = -3*b**3 - 2*b**2 + 4*b + 7. Let p(v) = 109*v - 438. Let m be p(4). Determine t(m).
15
Suppose -3*s - 15 = 2*s. Let t(k) = 1 + 4*k + k**2 + 4*k**2 + 1 - 3*k**2. Give t(s).
8
Let l(i) = i**3 - i**2 - 1. Let y(p) = -4*p**3 - p**2 + 6. Let x be (6/4)/(3/(-6)). Let w(h) = x*l(h) - y(h). Give w(-3).
6
Suppose 6*h - 8*h - 20 = 0. Let n = -9 - h. Let s(k) = 3*k**3 + 2*k**2 - 2*k + 1. What is s(n)?
4
Suppose -7*l + 2089 = 2110. Let b(y) = 9*y - 5. Let u(c) = -c + 1. Let g(p) = b(p) + 2*u(p). Give g(l).
-24
Let d(f) = -f**2 + 4*f. Suppose 7*u + 1 = -13. Let j(o) = 2*o**2 + 6*o + 7. Let w be j(u). Determine d(w).
3
Let t(p) = p**2 + 4*p - 7. Let u be t(-5). Let y(w) = -2*w - 8*w + 4*w - 8. Let i(o) = -5*o - 7. Let n(q) = -5*i(q) + 4*y(q). What is n(u)?
1
Let z(s) = 35 + 2*s + 34 + s**2 + 41 - 116. Give z(4).
18
Let x(n) be the first derivative of -n**3/3 - 7*n**2/2 - 2*n + 6. What is x(-7)?
-2
Let l(b) = -b**2 - b - 3. Let r(s) = 3*s**2 + 14*s + 26. Let i(k) = 2*l(k) + r(k). Give i(-8).
-12
Let d be 1*2*(-4)/8. Suppose -3*v + 0 + 6 = 0. Let y(z) = -10*z**2 - 4*z**2 - 4*z**v + 6*z**2 - 1 - z. What is y(d)?
-12
Let q(k) = k**2 - 4*k + 3. Let s be 34/1 - 3/(-1). Let t = -35 + s. Suppose 0 = -2*a + 4, t*w - 2*a - 5 + 1 = 0. Give q(w).
3
Let y(v) be the first derivative of -v**5/60 - v**4/3 + 2*v**3/3 + 27*v**2/2 + 22. Let i(m) be the second derivative of y(m). Determine i(-7).
11
Let o(k) = -52*k - 47*k + 98*k - 8. Let b(j) = -7*j**2 - 5*j + 5. Let z be b(1). Give o(z).
-1
Let s(h) = -6*h + 470 + 3*h - 469. What is s(4)?
-11
Suppose -82 = -9*p + 11*p. Let w = 35 + p. Let r(t) = t + 5. Calculate r(w).
-1
Let u(w) = w**3 + 5*w**2 - 5*w + 3. Suppose o + 4*d = 4, 18*o - 17*o = -2*d. Determine u(o).
39
Suppose -18 = -3*c - 3*l, 13 = 3*c + 2*l - 10. Let w(j) = j**3 - 10*j**2 - 15*j - 3. Determine w(c).
-47
Let f(p) be the third derivative of 1/12*p**4 + 0*p + 0 + 1/3*p**3 + 11*p**2. Give f(-4).
-6
Let j(p) = -p - 6. Let u = 34 - 51. Let m(k) = -3*k - 56. Let r be m(u). What is j(r)?
-1
Let p(d) = d**3 + 3*d**2 + d + 1. Let r = 10 + -38. Let c = r - -26. Determine p(c).
3
Let w = 273 - 273. Let k(z) = -3*z + 8. Let t(o) = -7*o + 17. Let p(m) = -5*k(m) + 2*t(m). Give p(w).
-6
Let q(v) be the third derivative of v**5/60 - v**4/6 + v**3/2 + 3*v**2. What is q(3)?
0
Let k(g) = -g - 2. Suppose 0 = -428*s + 432*s + 36. What is k(s)?
7
Let w(z) be the second derivative of z**5/60 - 5*z**4/24 + 4*z**3/3 + 13*z. Let q(t) be the second derivative of w(t). What is q(6)?
7
Let f be ((-5)/2)/((-16)/32). Let m(u) = -u + 2*u + f*u + 3 + u**2 - 11. Calculate m(-7).
-1
Let a(q) = -q**2 - q + 1. Let w(v) = -4*v**2 + v - 4. Let u(c) = 3*a(c) + w(c). Let r(h) = -20*h**2 - 17*h + 2. Let l be r(-1). Give u(l).
-6
Let j(q) = -q**3 + 9*q**2 - 5*q - 19. Suppose -880 = 10*p - 120*p. Determine j(p).
5
Let t(n) = 0 + n - 1 + 4. Let u be 5*(-1 - 51/(-15)). Let x = u + -14. Determine t(x).
1
Let q(z) be the first derivative of -z**4/4 - 4*z**3/3 + 2*z**2 + 2*z + 33. Calculate q(-4).
-14
Let g(y) = y. Let f be (-15)/(-6)*12/10. Suppose -f = -t - 2*t + 2*w, 0 = t - 5*w - 1. Let v be (0 - 0)*t/2. Give g(v).
0
Let n(x) = -2*x - 3. Let g be (-3 - -1)*(-1)/2. Let y be -6 + 5 + g/((-1)/3). Determine n(y).
5
Let x = -9 + 7. Suppose 0 = 2*i - 2*j + 12, 0 = -i + j - 6*j - 6. Let t be x/i + (-16)/(-24). Let d(r) = -5*r. Calculate d(t).
-5
Let t(u) be the first derivative of -u**4/4 - 2*u**3 - 7*u**2/2 - 2*u - 5. Suppose -2*o - 4*h = 30, -4*o - 4*h + 5 = -9*h. Calculate t(o).
8
Let s = 8 + 0. Suppose -3*u = -s - 7. Suppose -5*l = -u*f + 16 + 29, -f + 3*l = -19. Let g(i) = -2*i - 4. What is g(f)?
-12
Let g(z) = z**2 - 1. Let m be (0 - -17)*13/13. Let l = -20 + m. What is g(l)?
8
Let x(z) = z**3 - 3*z**2 - 3*z - 4. Let m be 3 + (-1 + -4)/(-1). Suppose 0 = -2*w + 7*c - 3*c + m, 3*w - 12 = 5*c. Calculate x(w).
0
Let a(l) = -l**3 + 2*l**2 + 5*l - 4. Suppose 11*v - 28 = 4*v. Suppose -o - v*o + 15 = 0. What is a(o)?
2
Let i(v) = -4*v + 2. Let r = -311 + 310. Calculate i(r).
6
Suppose 5 + 172 = 59*x. Let c(y) be the second derivative of -3/2*y**2 + 5*y - 1/2*y**x - 1/12*y**4 + 0. Calculate c(-2).
-1
Let s be -1*(2*-1)/2. Let l(q) = 1 - s - 2 - 3*q. Let g = -2425 - -2422. What is l(g)?
7
Let j(m) = m**3 + 2*m**2 + 3. Let g be (1/3)/((-1)/6). Let k be 9/g - (-27)/18. What is j(k)?
-6
Let a(b) be the third derivative of -b**6/120 - 11*b**5/60 - 3*b**4/8 - 7*b**3/6 + b**2 + 88. Determine a(-10).
-17
Let x(y) = y + 23. Let b be x(-20). Let w be (-3)/(-6)*2*0. Let o(u) = -u - 1 + 4*u**2 - 2 - u**b + w + 0. Calculate o(4).
-7
Let s(g) = 583*g - 4657. Let h be s(8). Let w be 1*(0 - -2 - 1). Let n(z) = -4 + 0*z + w + z. What is n(h)?
4
Let k(h) = -h**2 - 5*h + 3. Suppose 5*p - 20 = 4*q, -3*q = -4*p + 4 + 12. What is k(p)?
-33
Let w(c) = -c**3 - 4*c**2 + 7*c + 6. Let y(f) = -1 + 28*f + 3 - 44*f. Let q be y(-1). Let v = q - 23. Determine w(v).
-4
Let o(a) = 2*a**3 + 0*a**3 - 16*a - 5*a - a**2 - 6 + 20*a. Give o(0).
-6
Suppose 8 = 126*j - 128*j. Let c(x) = -x**2 - 5*x + 2. Give c(j).
6
Let h(o) = 32*o**3 - 2*o**2 - o. Suppose -4*p - 10 + 6 = 0. What is h(p)?
-33
Let k(j) be the second derivative of 0 + 1/6*j**3 + 22*j - 1/2*j**2. Give k(2).
1
Let s be 1/1*(10 + -9). Let k(f) = -f**3 - 3*f**2 - f - 4*f - 6 + s + 6*f. Give k(-4).
7
Let y(b) = -7 + 1317*b**3 + 5*b**2 - 2*b - 667*b**3 - 651*b**3. Give y(3).
5
Let n = 158 - 158. Suppose -14 = -5*p - c, -p = c - 5*c + 14. Let f(x) = -3*x - p + 4*x - 2. What is f(n)?
-4
Let h(v) be the third derivative of v**4/12 + v**3 - 71*v**2. What is h(0)?
6
Let i(l) = -l**2 - 2*l - 1. Suppose n - 326 + 82 = -3*m, 0 = 4*m - 3*n - 308. Suppose 2*f = -2*f + m. Let v be (-24)/f*10/3. Calculate i(v).
-9
Suppose -p - 29 = -3*v, 4*v + 3*p - 27 = -10. Let x(g) = -g**3 + 7*g**2 + 10*g. Give x(v).
16
Let b = -13112 + 13118. Let s(k) be the third derivative of k**5/60 - k**4/4 + k**3/3 - k**2. What is s(b)?
2
Let i(g) = 2*g**3 + g**2 - g - 8 + 14 - 6. Let q(w) = -3*w**3 + 2*w**2 - 1. Let f be q(1). What is i(f)?
-10
Let l(q) = q**3 - 8*q**2 + 7*q + 5. Let x be l(7). Let b(m) = -m**2 + 6*m - 5. Let w be b(x). Let o(d) = -d**2 - d + 3. Calculate o(w).
3
Let d(y) = -2*y**2 - 27*y - 12. Let v be d(-13). Suppose 4*m - b - 2*b = -7, -27 = -m - 5*b. Let n(w) = 2*w + 0*w**2 - 4 - 10*w**3 - 2*w**m + 3. Give n(v).
-11
Suppose -2*x + f = -34, 0 = -2*x + x - 5*f - 5. Suppose -5*w - 3*p = 11 + 28, -3*p - x = w. Let g(b) = -b**2 - 5*b + 8. What is g(w)?
2
Let p be -2 + (-3 - -1 - -2). Let h(r) be the second derivative of r**3/2 - 24*r - 3. Calculate h(p).
-6
Suppose -20 + 10 = -5*l. Let k(n) = 2*n**l - 33*n + 1 + 23*n + 15*n. Let p = 7 - 11. What is k(p)?
13
Let d(c) = -c + 1714 - 860 - 871. Give d(-10).
-7
Let r be 2*(-4)/16*-18. Let a be (-2)/r + 364/(-63). Let f(p) = -p - 5. Determine f(a).
1
Let a(p) = -12*p**2 - 39*p - 13. Let j(b) = 7*b**2 + 20*b + 7. Let r(f) = -3*a(f) - 5*j(f). Give r(-17).
4
Let r(s) be the first derivative of -s**6/360 + s**5/30 - s**4/4 - 4*s**3/3 - 1. Let n(h) be the third derivative of r(h). Let t = 13 + -9. Calculate n(t).
-6
Let o = 25 + -22. Let i(d) = -d**3 - 6*d**2 + 0*d**o + 1 + 1 - 7*d + 2*d**3. Suppose 4*m = 21 + 7. What is i(m)?
2
Let f(h) = 2*h**2 - 3*h. Let n(z) = -3*z + 7. Let a be n(5). Let r = 15 + a. Suppose -3*q - 1 = -r. Calculate f(q).
2
Let z(d) = d - 2. Let b be 0 + ((-108)/21 - 9/(-63)). Calculate z(b).
-7
Let n(p) = -6*p**3 + 2*p**3 - 1 + 3*p + 3*p**3 + 6*p**2 + 5*p. Give n(7).
6
Let i(f) be the second derivative of f**3/6 - 3*f**2/2 - 27*f + 2. What is i(7)?
4
Let p(x) = x + 1. Let s(d) = 5*d + 12. Let c(k) = -3*p(k) + s(k). Let z = 5 - 1. Let m be (-112)/20 + z/(-10). Calculate c(m).
-3
Let j(a) = a - 4. Let y be j(5). Let x(h) = 4*h**3 + h**2 - 2*h - 1. Let o(p) = p**3 - p**2 + p - 1. Let l(t) = y*x(t) - 5*o(t). Determine l(4).
8
Let m(l) be the first derivative of 9*l**4/4 + 2*l**3/3 + l**2 + l + 10. Let s be -33*(-4)/24*2. Suppose z + 12 = s